 3*k + 1 + 19*k**3. Determine c(-1).
5
Let f(s) = s + s**2 + 0 - 1 + 0*s + 0*s**2. What is f(0)?
-1
Let t(i) be the second derivative of -i**6/360 - i**5/30 + i**4/4 - 3*i. Let u(s) be the third derivative of t(s). What is u(-3)?
2
Let h(f) be the third derivative of f**8/6720 - f**7/1260 + f**5/120 + f**4/8 + 4*f**2. Let t(z) be the second derivative of h(z). Determine t(1).
0
Suppose -4*p + 16 = 2*o, -o + 1 = p - 3. Let q(j) = -j**2 + j + 4. Give q(p).
-8
Let o(d) = -d - 3. Let c(p) = p**2 - 9*p - 4. Let r be c(8). Determine o(r).
9
Let w(p) be the second derivative of -p**5/20 - 5*p**4/12 + p**3/6 + 3*p**2/2 - 6*p. Give w(-5).
-2
Let y(k) = k**3 - 7*k**2 + k - 3. Let v be y(7). Let p(l) = 6*l + 3 - v*l - 4. Let f(c) = c + 1. Let m be f(3). Give p(m).
7
Let p(v) = 1113*v + 6*v**2 + 1 - 5*v**2 - 1107*v. Determine p(-6).
1
Let s(u) = u**3 + u**2 - 2*u. Let n(l) = -4*l**3 - 11*l**2 + 7*l + 3. Let f(i) = -n(i) - 5*s(i). Give f(6).
15
Let b(q) = -q**3 + 3*q**2 + 5. Let p(v) = v**2 + 4*v - 1. Let i be p(-5). What is b(i)?
-11
Suppose 4*n - 20 = o, o + 3*n = -2*n - 2. Let m be (o/9)/((-6)/9). Let p(c) = c**3 - 4*c**2 - c + 2. Calculate p(m).
-8
Let j(r) = r**2 + 10*r + 2. Let m be j(-7). Let b = m - -27. Suppose -2*s + 0*s = -b. Let g(c) = -2*c + 1. Determine g(s).
-7
Let j(g) = g - 1. Let h(i) = 2*i**3 + i**2 + 4*i - 5. Let q(c) = h(c) - 6*j(c). Let x(s) = s + 8. Let y be x(-7). Give q(y).
2
Let a(y) = 2*y - 7. Let k be 8 + -7 + (-3 - -7). Determine a(k).
3
Suppose 14 = 5*p + 3*f, 3 = p - f - 3. Let x(n) = -2*n + 0*n + 3*n + 3 - p. Let j(b) = 2*b + 4. Let r be j(-4). What is x(r)?
-5
Suppose -4*c = -0 - 16. Let s(u) = 8*u + 6*u**2 - c - u**3 - 4 + 2. What is s(7)?
1
Let z(j) be the third derivative of j**8/20160 + j**7/1680 + j**6/240 - j**5/60 - 2*j**2. Let s(h) be the third derivative of z(h). Calculate s(-3).
3
Suppose 13 = -5*s - 2. Let f(n) = 4*n + 10. Let h(p) = p + 1. Let g(j) = s*h(j) + f(j). Give g(-5).
2
Let r(z) be the second derivative of z**4/12 + 5*z**3/6 - 5*z**2/2 - 13*z. What is r(-6)?
1
Suppose 0*u - 2*j = 5*u - 19, -5*j + 1 = -3*u. Suppose -u*k = 2*o + 22, -3*o - 3 = -0*o - 3*k. Let i(r) = 4 + 1 - r**3 - 5*r**2 + 0*r**3. Give i(o).
5
Let b(h) = -h - 8 + 9*h - 6*h. Give b(7).
6
Let h(p) = p - 2*p + 3 + 0*p. Let d = -4 + 4. Suppose 2*m + m = d. Determine h(m).
3
Let g(q) be the third derivative of q**9/60480 - q**8/4032 + q**7/1680 + q**6/180 + q**5/60 - q**2. Let w(i) be the third derivative of g(i). Calculate w(3).
-5
Let z(i) = 10*i. Let a(j) = -2*j - 13. Let k be a(-6). Give z(k).
-10
Let n(x) be the second derivative of -x**5/20 + x**4/2 - 5*x**3/6 - x**2/2 - x. What is n(4)?
11
Let l(v) = -v + 2 - 2 + v**2 - 1. Let j = -1 - 2. Let c be 9/3*(-2)/j. Give l(c).
1
Let q(r) = -r**2 + 3*r + 15. Let v be q(5). Let b(m) be the first derivative of m**3/3 - 3*m**2/2 - 4*m - 2. Give b(v).
6
Suppose 6*y - 3*v = 2*y, 0 = 2*y + 2*v. Let a be 0 + -1 + 0 + 5. Suppose -x + 2*x + a = y. Let t(f) = f**3 + 5*f**2 + 2*f - 1. Determine t(x).
7
Let s(i) = i**2 + i - 1. Suppose 2*y - 4*y - 2 = 0, -2*l = -3*y + 29. Let g be (-6)/(-9) + l/6. Calculate s(g).
1
Let o(g) = -5*g**3 - 11*g**2 - 11*g. Let p(a) = -a**3 - a**2 - a - 1. Let w(r) = -o(r) + 4*p(r). What is w(-6)?
-10
Let h(o) = -o**3 + 5*o**2 - 3*o - 1. Let k = 6 - 5. Let d(n) = n**2 - n. Let y(q) = k*h(q) - 4*d(q). Determine y(0).
-1
Let v be (126/(-15))/((-2)/5). Suppose 2*f = 2*y + 8, -y = 4*f - 6*y - v. Let x(u) = 4*u**3 - 1. What is x(f)?
-5
Suppose 0 = 2*w + w - 21. Let b(l) = -w*l - l**2 + 0 + l - 3. What is b(-5)?
2
Let v(m) = m**3 - 4*m**2 + 2*m + 3. Let s be v(3). Let i(q) = 2440*q + 8 + 9 - 2441*q. What is i(s)?
17
Let b(y) be the third derivative of y**5/60 - y**4/12 - y**3 - 2*y**2. Calculate b(5).
9
Let m(u) = -34*u + 10. Let k(o) = 7*o - 2. Let n(q) = -14*k(q) - 3*m(q). Let y be n(2). Let c(f) = -7*f + 0*f**2 + 4*f**2 + y*f. Calculate c(-1).
5
Let i(k) = -k - 7. Suppose -2*r + 7*r = 3*u - 30, 2*r = 0. Suppose -21 = -u*a + 13*a. Give i(a).
0
Let l(z) = 0*z**2 - 3 + 3*z**2 - z**3 + 7*z - 3*z. Let p be l(4). Let a(o) be the second derivative of o**3/3 + 2*o**2 + o. What is a(p)?
-2
Let v(p) = -p - 10. Let j be v(-8). Let n(c) = c**2 - c + 2. What is n(j)?
8
Let p(u) = u**2 - 4*u - 4. Suppose 0 = 2*d + v + 2*v + 7, 5*v + 33 = 2*d. Calculate p(d).
-4
Let b(v) = v**3 - 5*v**2 - 2. Let w be b(5). Let j be w - (2 + (1 - 0)). Let d(t) = t + 7. Give d(j).
2
Let l(w) be the second derivative of -2*w + 1/3*w**3 - 3*w**2 + 1/20*w**5 - 5/12*w**4 + 0. Give l(5).
4
Let k(h) = -h**3 - h**2. Let m(b) = -b**3 + 5*b**2 + 7*b - 2. Let u(d) = 2*k(d) - m(d). Let y be ((-9)/(-4))/(7/((-168)/9)). Determine u(y).
8
Suppose 3*l = 4*r + 17, -2*r + 4*r + l = -11. Let x(a) be the first derivative of a**2/2 + 5*a + 1. What is x(r)?
0
Let h(v) = v**2 - v + 2. Let x(u) = u + 2. Suppose q + 3*q - 3*o = -20, 0 = -q - 5*o - 5. Let b be x(q). Give h(b).
14
Let g be 12/4*(-4)/3. Let n(o) = o**3 + 3*o**2 - 3*o - 5. What is n(g)?
-9
Let t = 23 - 20. Let k(d) = -d - 8*d + 2*d - 1 - t*d. Calculate k(-1).
9
Let l(c) = -7*c**2 + 2*c + 1. Suppose -5*o + w - 32 = 0, 2*w = 3*o + 5*w + 12. Let n be 10/o - (-8)/12. Give l(n).
-8
Let p(h) = h + 1. Let a be 1*(-3)/(-3)*-1. Let u(z) = -z. Let v(n) = a*p(n) + 6*u(n). Determine v(-1).
6
Let j(r) = 12*r + 3. Let k be j(-2). Let b = -14 - k. Let n = 11 - b. Let h(d) = d**3 - 5*d**2 + 3*d - 5. Give h(n).
-9
Let k be (-21)/6*-2 - 2. Let p(n) = -5 + 3*n + 6*n + k + 1. Calculate p(-1).
-8
Let j(b) be the third derivative of -b**6/120 + b**5/60 + b**4/24 - b**3/6 + 2*b**2. Determine j(2).
-3
Suppose 5 - 1 = -4*r. Let s(m) = -6*m**2 + 0 - 2 + 2*m + 3. Calculate s(r).
-7
Suppose 33 = 4*j - 3*l, 0*j + 13 = 2*j - 5*l. Let p = -15 + j. Let x(r) = r**2 - 4*r + 5. Let i(t) = 2*t**2 - 4*t + 4. Let a(b) = 2*i(b) - 3*x(b). Give a(p).
5
Let r be -2 - (4 + 2)/3. Let n be (2 + r)/(3/6). Let m(j) = j**3 + 5*j**2 + 7*j + 5. Give m(n).
-7
Let h(s) = -2*s + 1. Let u be h(3). Let g(j) = j**3 + 4*j**2 - 5*j + 1. Let i(z) = -z**3 - 4*z**2 + 5*z. Let t(d) = 2*g(d) + 3*i(d). What is t(u)?
2
Let d(x) = -3*x - 5. Let r(p) = 6*p - 1. Let i be r(-1). Let v = -2 - i. Suppose -v*h = w + 23, -4*h + w + 3*w = 4. Give d(h).
7
Let y(x) = x**3 + 9*x**2 - 10*x + 4. Let g = -25 - -15. Determine y(g).
4
Let l(t) be the third derivative of -1/120*t**6 + 5/24*t**4 + 1/20*t**5 + t**2 - 2/3*t**3 + 0 + 0*t. Let o be l(4). Let g(z) = -z**2 + 1. Determine g(o).
1
Let i(q) = q**3 - q**2 - 1. Let w(p) = -4*p**3 + 4*p**2 - p + 4. Let v(t) = 6*i(t) + w(t). Determine v(2).
4
Let n be (-207)/180*4 - (-4)/(-10). Let y(g) = -g - 7. Give y(n).
-2
Let r be -3*3/(-9)*-6. Let h = -9 - r. Let o(q) = q + 7. Give o(h).
4
Let o(q) = -11*q + 6. Let w(f) = -9*f + 5. Let z(p) = 4*o(p) - 5*w(p). Determine z(6).
5
Let u(a) = -1 + 1 + 2 - 4 + a. Suppose 3*y - 13 = 5*t, -5*t - 5*y - 33 = 12. Calculate u(t).
-7
Let v = -8 + 4. Let u(m) = -m - 4. Let l(y) = -y - 5. Let o(x) = v*u(x) + 5*l(x). Let d = -104 + 104. What is o(d)?
-9
Suppose -5*z + 5*l + 40 = 4*l, 4*l - 20 = 0. Suppose z = 4*q - q. Let d(a) = -3*a - 3 - q + 5. What is d(-2)?
5
Let m(d) = -d**3 + 5*d**2 + 7*d. Let k(i) = -2*i - 11. Let n(g) = 3*g + 12. Let l(p) = 4*k(p) + 3*n(p). Let j be l(14). Determine m(j).
6
Let y(h) = h + 10. Let o be y(-8). Let r be 7/2 - (-3)/o. Let x(l) = l**3 - 5*l**2 + l + 1. What is x(r)?
6
Suppose 5*y = l, 3*l - 5*y - 11 = -y. Let t(m) = l*m + m - 5*m. Determine t(1).
1
Suppose -4*n - 4*v + 32 = 0, 0 = -4*n + 2*n - 5*v + 25. Suppose 4*a + m - 7 = 0, -2*a + n*m - 12 = -43. Let k(l) = l**2 + l - 3. What is k(a)?
9
Let l(k) be the second derivative of -k**6/120 + k**5/15 + k**4/12 + 5*k**3/6 - 2*k**2 + 2*k. Let w(q) be the first derivative of l(q). Give w(5).
-10
Suppose -4 = -2*d - 2*d. Let m = -8 + 12. Let l(n) = m*n**2 - 3*n**2 - 4*n + 3*n. Calculate l(d).
0
Let u(c) = 3*c - 3. Suppose 6*i = 3*i + 12. What is u(i)?
9
Let s(h) be the first derivative of -5*h**3/3 - 3*h**2 - h - 2. Let z(m) = 4*m**2 + 5*m + 1. Let x(b) = 5*s(b) + 6*z(b). Calculate x(-2).
-3
Let i(g) = -84 - 2*g + 3*g**2 + g**3 + 84. Let q(k) = 15*k. Let t be q(1). Suppose -2*y - 3*y - t = 0. What is i(y)?
6
Let o(d) = -2*d - 2. Suppose -4*w + 64 = -0*w. Suppose 5*q - q = -w. Let m = -2 - q. Calcu